{"id":931,"date":"2023-11-24T17:53:04","date_gmt":"2023-11-24T17:53:04","guid":{"rendered":"https:\/\/sorayameyer.pt\/?post_type=product&#038;p=931"},"modified":"2025-12-15T11:57:37","modified_gmt":"2025-12-15T11:57:37","slug":"portal-danca-da-medusa","status":"publish","type":"product","link":"https:\/\/sorayameyer.pt\/index.php\/product\/portal-danca-da-medusa\/","title":{"rendered":"Portal Dan\u00e7a da Medusa"},"content":{"rendered":"<p>Criar cer\u00e2mica \u00e9 criar com os elementos da natureza. \u00c9 um encontro perfeito para a catarse. Das minhas m\u00e3os fiz nascer esta pe\u00e7a apenas com argila e \u00e1gua. Depois dei ao elemento ar a miss\u00e3o de a secar e por fim o fogo, mestre da transforma\u00e7\u00e3o, tornou esta pe\u00e7a s\u00f3lida e resistente.<\/p>\n<p>&#8212;<\/p>\n<p>Portal \u00fanico ilustrado \u00e0 m\u00e3o e com inten\u00e7\u00e3o em argila cor bege com pontos castanhos. Ap\u00f3s secagem foi queimado a alta temperatura.<br \/>\nEste portal \u00e9 uma conversa sobre a fluidez. Tudo o que tiver de acontecer, acontece. Deixa a vida acontecer. Por vezes for\u00e7amos algo que n\u00e3o tem que ser. Deixa essa rigidez se esvanecer na fluidez de um rio, no quebrar das ondas, na dan\u00e7a da medusa.<\/p>\n<p>Num mundo que pede cada vez mais perfei\u00e7\u00e3o eu assumo o toque imperfeito que cada pe\u00e7a feita com as minhas m\u00e3os possa ter.<\/p>\n<p>Feito em Portugal, com amor.<\/p>\n<p>&#8212;<\/p>\n<p>5% da venda desta cer\u00e2mica vai ser doado \u00e0 Thirst Project Portugal. Esta organiza\u00e7\u00e3o tem vindo a construir furos de \u00e1gua pot\u00e1vel em pa\u00edses onde as pessoas est\u00e3o em busca da \u00faltima gota de \u00e1gua.<\/p>\n<p>&#8212;<\/p>\n<p>Medidas e peso:<\/p>\n<p>Altura: 16.5cm<\/p>\n<p>Largura: 15.5cm<\/p>\n<p>Peso: 284gr<\/p>\n<p>shipping PT &#8211; 6.90\u20ac\u00a0 \u00a0International &#8211; 8.90\u20ac<\/p>\n","protected":false},"excerpt":{"rendered":"<p>Ilustra\u00e7\u00e3o feita \u00e0 m\u00e3o por Soraya Meyer em barro<\/p>\n<p>Source: <a href=\"http:\/\/sorayameyer.pt\/\" target=\"_blank\" rel=\"noopener\">Soraya Meyer<\/a><\/p>\n","protected":false},"featured_media":932,"template":"","meta":{"_monsterinsights_skip_tracking":false,"_monsterinsights_sitenote_active":false,"_monsterinsights_sitenote_note":"","_monsterinsights_sitenote_category":0,"jetpack_post_was_ever_published":false},"product_cat":[57],"product_tag":[103,76,106,74,99,105],"aioseo_notices":[],"_links":{"self":[{"href":"https:\/\/sorayameyer.pt\/index.php\/wp-json\/wp\/v2\/product\/931"}],"collection":[{"href":"https:\/\/sorayameyer.pt\/index.php\/wp-json\/wp\/v2\/product"}],"about":[{"href":"https:\/\/sorayameyer.pt\/index.php\/wp-json\/wp\/v2\/types\/product"}],"wp:featuredmedia":[{"embeddable":true,"href":"https:\/\/sorayameyer.pt\/index.php\/wp-json\/wp\/v2\/media\/932"}],"wp:attachment":[{"href":"https:\/\/sorayameyer.pt\/index.php\/wp-json\/wp\/v2\/media?parent=931"}],"wp:term":[{"taxonomy":"product_cat","embeddable":true,"href":"https:\/\/sorayameyer.pt\/index.php\/wp-json\/wp\/v2\/product_cat?post=931"},{"taxonomy":"product_tag","embeddable":true,"href":"https:\/\/sorayameyer.pt\/index.php\/wp-json\/wp\/v2\/product_tag?post=931"}],"curies":[{"name":"wp","href":"https:\/\/api.w.org\/{rel}","templated":true}]}}