{"id":1731,"date":"2024-10-27T16:33:36","date_gmt":"2024-10-27T16:33:36","guid":{"rendered":"https:\/\/sorayameyer.pt\/?post_type=product&#038;p=1731"},"modified":"2025-12-16T12:04:58","modified_gmt":"2025-12-16T12:04:58","slug":"cantaro-para-o-peito-no-4","status":"publish","type":"product","link":"https:\/\/sorayameyer.pt\/index.php\/product\/cantaro-para-o-peito-no-4\/","title":{"rendered":"C\u00e2ntaro para o peito n\u00ba4"},"content":{"rendered":"<p>Sou c\u00e2ntaro vazio para receber vida,<br \/>\na nascente aflora dentro de mim,<br \/>\nO meu corpo \u00e9 terra e a minhas emo\u00e7\u00f5es s\u00e3o os c\u00e2nticos da \u00e1gua<br \/>\nAbra\u00e7o e acolho quando derramo o mist\u00e9rio vital<br \/>\nVim do \u00fatero, do calor que sustenta<br \/>\nReinventei-me no beijo das nuvens negras da fuma\u00e7a suspensas no ar<br \/>\nSou fr\u00e1gil &#8211; quebro &#8211; N\u00e3o fraco por isso<br \/>\nEm cacos &#8211; retorno e refa\u00e7o-me<br \/>\nSou o canto das mulheres que me carregam<br \/>\na mem\u00f3ria da \u00faltima gota<br \/>\nSou c\u00e2ntaro e no vazio renovo-me<br \/>\nDentro de mim cabe<br \/>\nO tudo e o nada<br \/>\nO eco e o sil\u00eancio<br \/>\nO concreto e o sonho<br \/>\nSou a espera pelo que h\u00e1 de vir<br \/>\nA esperan\u00e7a da vida<br \/>\nSempre.<\/p>\n","protected":false},"excerpt":{"rendered":"<p>O c\u00e2ntaro \u00e9 um s\u00edmbolo associado \u00e0 vida, fertilidade e abund\u00e2ncia. O corpo feito de barro jorra \u00e1gua (emo\u00e7\u00f5es).<\/p>\n<p>Sou c\u00e2ntaro vazio para receber vida,<br \/>\na nascente aflora dentro de mim,<br \/>\nO meu corpo \u00e9 terra e a minhas emo\u00e7\u00f5es s\u00e3o os c\u00e2nticos da \u00e1gua<br \/>\nAbra\u00e7o e acolho quando derramo o mist\u00e9rio vital<br \/>\nVim do \u00fatero, do calor que sustenta<br \/>\nReiventei-me no beijo das nuvens negras da fuma\u00e7a suspensas no ar<br \/>\nSou fr\u00e1gil &#8211; quebro &#8211; N\u00e3o fraco por isso<br \/>\nEm cacos &#8211; retorno e refa\u00e7o-me<br \/>\nSou o canto das mulheres que me carregam<br \/>\na mem\u00f3ria da \u00faltima gota<br \/>\nSou c\u00e2ntaro e no vazio renovo-me<br \/>\nDentro de mim cabe<br \/>\nO tudo e o nada<br \/>\nO eco e o sil\u00eancio<br \/>\nO concreto e o sonho<br \/>\nSou a espera pelo que h\u00e1 de vir<br \/>\nA esperan\u00e7a da vida<br \/>\nSempre.<\/p>\n","protected":false},"featured_media":1733,"template":"","meta":{"_monsterinsights_skip_tracking":false,"_monsterinsights_sitenote_active":false,"_monsterinsights_sitenote_note":"","_monsterinsights_sitenote_category":0,"jetpack_post_was_ever_published":false},"product_cat":[68],"product_tag":[103,76,104],"aioseo_notices":[],"_links":{"self":[{"href":"https:\/\/sorayameyer.pt\/index.php\/wp-json\/wp\/v2\/product\/1731"}],"collection":[{"href":"https:\/\/sorayameyer.pt\/index.php\/wp-json\/wp\/v2\/product"}],"about":[{"href":"https:\/\/sorayameyer.pt\/index.php\/wp-json\/wp\/v2\/types\/product"}],"wp:featuredmedia":[{"embeddable":true,"href":"https:\/\/sorayameyer.pt\/index.php\/wp-json\/wp\/v2\/media\/1733"}],"wp:attachment":[{"href":"https:\/\/sorayameyer.pt\/index.php\/wp-json\/wp\/v2\/media?parent=1731"}],"wp:term":[{"taxonomy":"product_cat","embeddable":true,"href":"https:\/\/sorayameyer.pt\/index.php\/wp-json\/wp\/v2\/product_cat?post=1731"},{"taxonomy":"product_tag","embeddable":true,"href":"https:\/\/sorayameyer.pt\/index.php\/wp-json\/wp\/v2\/product_tag?post=1731"}],"curies":[{"name":"wp","href":"https:\/\/api.w.org\/{rel}","templated":true}]}}